es 33 divide 782962099?
False
Is 349 a factor of 47685908?
False
Is 249570812 a multiple of 68?
True
Is 149519590 a multiple of 4322?
True
Is 3614 a factor of 416467379?
False
Is 33873180 a multiple of 5?
True
Does 68 divide 1800310132?
True
Is 18699955 a multiple of 53?
False
Is 521409813 a multiple of 1893?
True
Does 138 divide 236887615?
False
Is 138302432 a multiple of 566?
False
Is 864 a factor of 372368448?
True
Is 13 a factor of 42547699?
False
Does 5747 divide 67539698?
False
Is 2574 a factor of 32138964?
True
Does 47 divide 56553925?
True
Is 169 a factor of 4623639?
False
Does 20 divide 87525540?
True
Does 8 divide 152067173?
False
Is 6517004 a multiple of 299?
True
Is 17161228 a multiple of 26?
False
Is 1278 a factor of 43040681?
False
Is 18 a factor of 7402352?
False
Is 118722783 a multiple of 15?
False
Does 15 divide 128651190?
True
Is 269459190 a multiple of 2970?
True
Is 38557260 a multiple of 21?
True
Does 103 divide 413478771?
True
Is 10975 a factor of 7027083975?
True
Is 10 a factor of 598625657?
False
Is 10 a factor of 320863740?
True
Is 588 a factor of 73368092?
False
Is 83785844 a multiple of 3569?
True
Is 145156220 a multiple of 230?
True
Does 311 divide 145096739?
True
Does 274 divide 3560904?
True
Does 398 divide 411260642?
False
Is 5 a factor of 120702210?
True
Is 212274010 a multiple of 106?
True
Does 168 divide 94514280?
True
Is 541698093 a multiple of 1886?
False
Does 6523 divide 2189307967?
True
Is 1838 a factor of 1785775068?
True
Does 46 divide 360007653?
False
Is 2299 a factor of 153442157?
True
Does 21 divide 138140241?
False
Is 43244639 a multiple of 222?
False
Is 3370638 a multiple of 57?
True
Is 23891960 a multiple of 8?
True
Is 178535849 a multiple of 9?
False
Does 3731 divide 335756421?
True
Is 11 a factor of 12947026?
False
Is 27 a factor of 80997767?
False
Is 7 a factor of 19428864?
True
Does 14 divide 241299016?
True
Is 109461590 a multiple of 4606?
True
Is 2381918824 a multiple of 23?
True
Is 1251756735 a multiple of 14?
False
Is 1203289085 a multiple of 11?
False
Is 22 a factor of 64696648?
False
Is 43751947 a multiple of 97?
True
Is 589 a factor of 68197713?
False
Is 915 a factor of 85589100?
True
Is 48 a factor of 2550079248?
True
Does 289 divide 28553489?
True
Is 226 a factor of 249166309?
False
Does 1592 divide 134969760?
True
Is 925147351 a multiple of 7043?
True
Is 57 a factor of 7535799?
True
Is 18654518 a multiple of 22?
False
Is 91604688 a multiple of 2696?
True
Does 1523 divide 3998868679?
False
Does 2512 divide 154917552?
True
Is 4257 a factor of 2609948594?
False
Does 4 divide 35236892?
True
Does 385 divide 19740374?
False
Is 257 a factor of 1106316098?
False
Does 2247 divide 108087023?
False
Is 404005666 a multiple of 315?
False
Is 14 a factor of 188770932?
True
Is 67 a factor of 342854884?
False
Does 16 divide 19666864?
True
Is 96567835 a multiple of 2427?
False
Is 444596782 a multiple of 6533?
True
Is 278523925 a multiple of 11?
False
Is 69729739 a multiple of 373?
True
Is 2457224 a multiple of 446?
False
Does 4329 divide 474479329?
False
Is 601 a factor of 938939758?
False
Is 1130194 a multiple of 13?
True
Is 156740056 a multiple of 274?
True
Does 1043 divide 1459914218?
True
Is 649908341 a multiple of 25?
False
Does 5 divide 10722879?
False
Does 84 divide 8327508?
True
Does 16 divide 30184462?
False
Is 22 a factor of 22084546?
True
Is 16 a factor of 826584000?
True
Is 10975640 a multiple of 130?
True
Is 21426080 a multiple of 1040?
True
Does 32 divide 2227166?
False
Is 202370548 a multiple of 10?
False
Is 65 a factor of 160742335?
True
Is 15 a factor of 2045668813?
False
Is 1527425922 a multiple of 11?
True
Is 615 a factor of 1062229751?
False
Does 15 divide 1745114190?
True
Is 5 a factor of 2072765219?
False
Is 32 a factor of 23406600?
False
Is 23 a factor of 1180681789?
False
Does 1436 divide 179983723?
False
Is 288 a factor of 164039616?
True
Does 13 divide 76286210?
True
Is 28901161 a multiple of 16?
False
Is 8 a factor of 1781388?
False
Is 645743169 a multiple of 43?
True
Does 245 divide 51431135?
True
Is 98736270 a multiple of 433?
False
Is 97389360 a multiple of 460?
True
Is 688008573 a multiple of 189?
True
Is 15 a factor of 43894770?
True
Is 102185863 a multiple of 21?
False
Is 153738274 a multiple of 82?
True
Is 185 a factor of 103173115?
False
Is 13 a factor of 586564251?
True
Does 7 divide 1673861?
True
Is 31 a factor of 2299879?
False
Is 106 a factor of 284112648?
True
Is 17628009 a multiple of 3?
True
Does 306 divide 2208523390?
False
Is 6 a factor of 2227797372?
True
Is 345 a factor of 57337113?
False
Does 125 divide 5290750?
True
Does 12670 divide 1543548090?
True
Does 1144 divide 150613160?
False
Is 326 a factor of 43618704?
False
Is 373657043 a multiple of 1147?
True
Is 20 a factor of 38891397?
False
Is 285849816 a multiple of 8?
True
Is 8 a factor of 148154564?
False
Is 56245189 a multiple of 349?
True
Is 24397567 a multiple of 17?
True
Is 134 a factor of 8382102?
True
Does 20 divide 41770140?
True
Is 137392995 a multiple of 49?
False
Is 46346273 a multiple of 182?
False
Is 7 a factor of 1030332405?
False
Is 1187217117 a multiple of 17?
True
Is 135495666 a multiple of 159?
True
Is 242 a factor of 437137320?
False
Does 5 divide 4086235?
True
Does 2 divide 66146495?
False
Does 3993 divide 158861505?
True
Is 38 a factor of 2678278?
True
Does 4 divide 37272116?
True
Is 45908302 a multiple of 350?
False
Is 43135659 a multiple of 1659?
True
Does 2835 divide 224751866?
False
Is 395 a factor of 5449799?
False
Does 23 divide 112074170?
True
Is 24 a factor of 95113776?
True
Does 9 divide 119474222?
False
Is 30243091 a multiple of 5?
False
Does 3573 divide 374375367?
True
Does 91 divide 25239760?
True
Does 31 divide 82096096?
False
Does 56 divide 847867272?
True
Is 11684240 a multiple of 80?
True
Is 24 a factor of 1468486224?
True
Is 662 a factor of 70719885?
False
Is 7 a factor of 23853548?
False
Is 58804734 a multiple of 4?
False
Is 76716288 a multiple of 3456?
True
Does 16 divide 2606935286?
False
Does 408 divide 48437020?
False
Is 391466218 a multiple of 286?
True
Does 4 divide 16967952?
True
Is 625 a factor of 76219992?
False
Does 4504 divide 3581654863?
False
Is 60 a factor of 3033120?
True
Is 323 a factor of 33789898?
False
Does 457 divide 188292226?
True
Is 25 a factor of 2734806343?
False
Does 542 divide 591042328?
True
Does 19 divide 3179692191?
False
Does 11 divide 14799752?
True
Does 163 divide 59033535?
False
Is 5 a factor of 973977315?
True
Is 98 a factor of 508501384?
False
Is 30475368 a multiple of 6?
True
Does 1746 divide 311437512?
True
Is 115437272 a multiple of 712?
True
Is 1889 a factor of 116653306?
True
Does 1161 divide 142090146?
True
Is 14714700 a multiple of 5?
True
Does 916 divide 51280299?
False
Is 1964174980 a multiple of 1004?
False
Is 20 a factor of 11381980?
True
Is 55926277 a multiple of 2446?
False
Is 116 a factor of 250898024?
True
Is 58 a factor of 601072676?
True
Is 1065643504 a multiple of 272?
True
Is 2976480 a multiple of 80?
True
Is 423 a factor of 157446522?
True
Is 127 a factor of 2667965390?
False
Does 62 divide 73231176?
True
Does 55 divide 661346333?
False
Is 33447609 a multiple of 120?
False
Is 679748416 a multiple of 60?
False
Is 1223150787 a multiple of 18?
False
Is 46 a factor of 204328616?
False
Is 40 a factor of 100247317?
False
Does 340 divide 45915610?
False
Does 1283 divide 5216494?
False
Is 77895684 a multiple of 1166?
False
Does 4 divide 65095156?
True
Is 1027 a factor of 16478123?
False
Is 5702720 a multiple of 355?
True
Is 119451580 a multiple of 145?
True
Is 426383838 a multiple of 486?
True
Is 86 a factor of 74606759?
False
Is 791 a factor of 4102919?
False
Is 190126766 a multiple of 9?
False
Is 731 a factor of 1685706468?
True
Is 2785 a factor of 128608406?
False
Is 599 a factor of 21436313?
False
Does 5 divide 527890?
True
Does 9355 divide 1264281475?
True
Is 18768660 a multiple of 70?
False
Is 4 a factor of 19500906?
False
Does 150 divide 93514800?
True
Does 642 divide 117469950?
True
Does 13 divide 17285970?
True
Is 32803776 a multiple of 766?
False
Is 45925385 a multiple of 21?
False
Is 1635 a factor of 65095890?
True
Is 653677629 a multiple of 1235?
False
Is 2827602294 a multiple of 22?
True
Does 65 divide 